03. Is 1 + (k - (-6 - -4)) prime?
True
Let x = 504674 - 277869. Is x a prime number?
False
Suppose 2*z - 12507 = 1103. Suppose 2056 - z = -3*y. Is y composite?
False
Suppose -1019*s = -1018*s - 934. Suppose 0 = s*v - 939*v + 30145. Is v prime?
True
Suppose 3*q = 3*c - 120510, -10*q + 7*q - 80345 = -2*c. Is (-1)/(5/10) + c prime?
True
Let r = 295 + -290. Suppose 5*l - r*d - 9865 = 0, 0 = 3*l + 3*d - 9638 + 3719. Is l composite?
False
Suppose s = 5, -9*q - 4*s = -4*q - 79180. Suppose 66*t = 58*t + q. Is t a composite number?
False
Suppose -16 = -66*q + 64*q. Suppose -9*g + 5 = -2*w - q*g, -4*w + 10 = 2*g. Let f(o) = -5*o + 4421. Is f(w) a composite number?
False
Let a = -48 - -58. Suppose -44085 = -a*k - 5*k. Is k a prime number?
True
Suppose 11 + 13 = -6*m. Let s be (-69535)/m + 14/56. Let d = s + -11245. Is d a composite number?
True
Suppose 7*i = 27*i. Suppose -13655 = -5*u - i*u. Is u a composite number?
False
Let l(c) = 2*c**2 - 20*c + 52. Let d be l(-14). Let x = -167 + d. Is x a composite number?
False
Suppose 3*f + 2*f + 37915 = -5*p, 4*p + 3*f + 30337 = 0. Let z = 14619 + p. Is z a prime number?
False
Let p be (-5286)/(-8)*-6*(-40)/6. Suppose -8*h - 2*h = -p. Suppose 5*z - h - 3302 = 0. Is z composite?
True
Let p(z) = 3*z + 34. Let v be p(-9). Suppose -b + v = b + 3*d, 5*d = -5*b + 20. Let t(a) = 23*a**2 - 11*a + 9. Is t(b) prime?
False
Let q be (-105)/(-15) + (1 - -9649). Let f = q - 5551. Is f prime?
False
Let s be 830*(-2)/(-4)*1 - 1. Suppose -5734 - s = -4*o. Is o a prime number?
False
Let b(p) = 65*p**2 + 6*p - 3. Let j(x) = -194*x**2 - 17*x + 8. Let u(k) = -8*b(k) - 3*j(k). Let h be u(2). Suppose h = -3*f + 887. Is f a composite number?
False
Suppose 11558 = 4*y + 2446. Let s = -435 + y. Is s prime?
False
Let h = 4640 - -26523. Is h a composite number?
True
Let h = 1860 - -4113. Suppose 4*v + h = -7*v. Let y = -214 - v. Is y a composite number?
True
Let r(d) = 9*d**2 - 13*d + 7. Suppose -2*f - 6*f + 384 = 0. Suppose 5*x = f - 18. Is r(x) prime?
False
Let d(q) = q**3 - 6*q**2 - 20. Let r be d(6). Is (8637/(-5))/(4/r) composite?
True
Suppose 2*x - 42*x + 6710872 = 16*x. Is x composite?
True
Suppose -4*q + 505522 = -22*r + 25*r, 2*q = r + 252756. Is q composite?
True
Let v(d) = -50*d**3 - 8*d**2 + 46*d - 1. Let c be v(4). Suppose 8 = -3*z - f - 6, -3*f = -2*z - 2. Is c/z + (-6)/(-8) a composite number?
False
Suppose 3*n = -3*n + 24. Suppose 0 = f + n*f - d - 4890, 2*d = 5*f - 4890. Suppose 3*m = x - f - 802, 5*m = -5. Is x a composite number?
False
Is (-51 + 47)*(-2922294)/24 a composite number?
False
Suppose -77*n = -59*n - 1002013 - 31421. Is n composite?
False
Suppose 111*r + 1356137 = 194*r. Is r a composite number?
False
Let s be -15 + 14 + (-5)/(-1). Suppose -15*r + s = -14*r. Is r + 3/((-3)/(-49)) a prime number?
True
Let p(a) = -a + 797. Let r(o) = -5*o + 32. Let h be r(6). Suppose g = -h, b + 10 = -4*g + 2. Is p(b) composite?
False
Let x(c) = 130*c + 454037. Is x(0) a composite number?
True
Let x(t) = -78586*t + 3483. Is x(-5) prime?
True
Suppose 4*o - 2*o + 4*s = 6, -3 = -4*o + s. Let x(h) = -h**3 - h**2 + h. Let m(l) = 6*l**3 + 19*l**2 + 8*l + 19. Let b(q) = o*m(q) + 5*x(q). Is b(-9) composite?
False
Let z be 6 - (1/1 + 2). Suppose z*d = 2*c + 15673, 5*c = -4*d - d + 26155. Is d a prime number?
True
Let i be (-6 + 15)/3 - 3*-23. Is 1969512/i + (-4)/(-6) prime?
False
Let y be (-126)/7*2/(-3) - 2. Suppose 0 = 61*m - 66*m + y. Is 2/(m + 8162/(-2722) + 1) prime?
True
Suppose 23497 + 18331 = 4*x + 2*f, x - 4*f - 10430 = 0. Is x prime?
False
Suppose 7*d - 4*t = 3*d - 36, 4*t + 12 = -4*d. Suppose -2*u - 2*k = 10 + 4, -3*u = k + 19. Is 4/u*(27990/(-12) + d) a prime number?
True
Let k(f) = -176*f**3 + 77*f**2 - 47*f + 7. Is k(-20) composite?
True
Let d(p) = 368*p**2 - 89*p - 67. Is d(6) a composite number?
False
Suppose 50*j = 76*j - 1607632. Suppose -14*k + j = -10898. Is k a composite number?
True
Let h(q) = -7*q**2 - 49*q - 65. Let s(k) = -7*k**2 - 53*k - 64. Let b(u) = -7*h(u) + 6*s(u). Is b(37) prime?
False
Suppose -v = b - 9044, 5*v - 2*b - 27147 = 2*v. Suppose v = 8*k - 5537. Is k prime?
True
Let c be (136/6 - -2)/(3/(-9)). Let j = c - -77. Suppose 0 = 4*l + s - 1633, -l + s + 387 = -j*s. Is l prime?
False
Let y(q) = 268*q**2 + 3*q - 2. Suppose 21 = 29*u - 32*u. Is y(u) a prime number?
True
Suppose -6 = -9*y + 21. Suppose 15 = -5*h, -o - y*o + 2*h + 242 = 0. Is o prime?
True
Suppose -680*o + 801*o = 91687871. Is o composite?
False
Let f be (26 + -20)*2/4. Is 61444/84*f + 24/42 composite?
True
Suppose 22*t - 24*t = -37*t + 12472285. Is t prime?
True
Suppose 5*h - 2838 = 27*h. Suppose -914 - 334 = -3*w. Let p = h + w. Is p prime?
False
Suppose 0 = -5*v + 22*v - 106760. Let h(f) = -3*f**3 - f**2 + 3*f - 9. Let x be h(-12). Suppose 4*w + 5*k = x, 0*w = 5*w - k - v. Is w composite?
True
Suppose 6*p = -4*c + 4*p + 132434, -3 = -p. Is c composite?
False
Let n(r) = 8*r**2 + 4*r + 33. Let x be 78/273 - 96/(-7). Is n(x) prime?
True
Let q be (6/(-4))/(691/172 - 4). Let k = -64 - q. Suppose -3686 = k*x - 24*x. Is x a prime number?
False
Suppose 5*l + 109 - 867 = -r, 4*l - 20 = 0. Is r a prime number?
True
Let d(z) = 16 + 19338*z**2 - 4*z + 2*z + 20*z - 6*z - 3. Is d(-1) prime?
False
Let s = 164 - 232. Let i = -32 - s. Is 6/(i/2) + (-308)/(-3) prime?
True
Let t = 96 - 92. Suppose -3*l + 6*l = -5*m + 3248, 2*l - t*m = 2158. Is l a composite number?
True
Let g = -159193 + 307766. Is g a prime number?
True
Let i(w) = w**3 - 5*w**2 - 3*w - 6. Let v be i(6). Let k be 13/(((-3)/v)/(2/8)). Let h = 214 + k. Is h prime?
False
Suppose 4*i = -i. Let t be -2 + (-19)/(-3) + 1/(-3). Suppose -5*k = -i*k + c - 4559, -16 = -t*c. Is k prime?
True
Suppose 9*n - 263243 = 2*n + 231314. Is n a composite number?
True
Let m(l) = 5*l**3 + 3*l**2 - 3*l. Let d be m(1). Is 5459 + -3*((-10)/2)/d a composite number?
True
Let m(q) be the first derivative of 7*q**3 + 13*q**2/2 - 81*q + 253. Is m(-13) a prime number?
True
Is (-3883693)/(-979)*(1 - (0 + 0)) a composite number?
False
Is 2634771 - (-4 + 20) - -6 prime?
True
Let n(b) = 115*b**3 - 4*b**2 - 3. Let x be n(4). Suppose 5*p - 15710 = -630. Suppose 3*g = 2*o + x, -3*g + 5*o + 4286 = -p. Is g a composite number?
True
Let w(y) = 87*y + 343. Let g(a) = -a**2 - 20*a - 67. Let z be g(-15). Is w(z) a composite number?
False
Let k = -1656 + 3560. Suppose -4*g + k = -4*i, -4*g + 0*g + i + 1913 = 0. Is g composite?
False
Let j(p) = 165*p**2 + 3*p - 4. Suppose 3*t - 11 = 4*d, -2*t = -2*d - 7*t + 27. Let q be j(d). Let f = 365 - q. Is f prime?
False
Let g(f) = -333*f - 106. Is g(-4) a prime number?
False
Let k = 112578 + -39071. Is k a composite number?
True
Let z(c) = -61*c + 4. Let a(k) = 426*k - 27. Let d(n) = -2*a(n) - 15*z(n). Suppose 0 = q - u, -24 = 2*q - 7*q - 3*u. Is d(q) prime?
False
Suppose 0*q = -2*q + 40. Let k(z) = 17*z + 18. Let u be k(9). Let t = q + u. Is t prime?
True
Suppose -j + 5*r = -42033, -j = -r - 2*r - 42037. Is j a composite number?
False
Suppose -17 = k + 7*r - 3*r, -5*k + r - 1 = 0. Let i(w) = 4959*w**2 - 8*w + 2. Is i(k) a composite number?
False
Let n = 306221 + 187236. Is n prime?
True
Suppose -31*n + 6*n = -2850. Is (-28)/21*n/(-8) composite?
False
Let c(l) = l**2 - 4*l - 10. Let q = -59 - -65. Suppose -q = -3*k - 45. Is c(k) prime?
True
Suppose 11146 = 5*i + c, 3*c + 5409 = 4*i - 3523. Suppose -4*v - 33 + 3378 = 3*d, -2*v = 2*d - i. Is d a prime number?
False
Let w(y) = -37*y**3 - 13*y**2 - 26*y + 3. Is w(-7) a composite number?
False
Suppose 0 = 2*a - 4, 59517 + 19355 = 4*n - 4*a. Suppose -4*v = -9*v + n. Suppose 5*o - v = 3*q, 0 = -o - 5*q + 2*q + 778. Is o prime?
True
Suppose -2*d + 4*l = -4196, 0*l + 8374 = 4*d + l. Is -1 + d + -2 + 7 a composite number?
True
Suppose -1912 = 3*r + 4*f, -4*r - f = -0*r + 2545. Let x = r + 1249. Is x a composite number?
False
Let y = -20506 + -13086. Is y/(-6) + (-15)/9 + 2 a prime number?
False
Let x = -9 - -13. Suppose x*f = 11*f. Suppose 2*c + 4*g - 2598 = f, 4*c + c + g - 6459 = 0. Is c prime?
True
Let w(z) = 3*z**3 + 21*z**2 + 17*z + 131. Is w(38) prime?
False
Suppose -4*k + 825325 + 887053 = 3*b, 2*b - 2140469 = -5*k. Is k a prime number?
True
Suppose 3*a - 3*r - 525231 = 0, 74*r = 3*a + 79*r - 525247. Is a a composite number?
False
Let f(x) = 8